{"id":15,"date":"2022-07-22T15:41:09","date_gmt":"2022-07-22T15:41:09","guid":{"rendered":"https:\/\/worldflowersphotos.com\/?product=hoodie-with-logo"},"modified":"2022-08-09T14:55:53","modified_gmt":"2022-08-09T14:55:53","slug":"hoodie-with-logo","status":"publish","type":"product","link":"https:\/\/worldflowersphotos.com\/?product=hoodie-with-logo","title":{"rendered":"Caixa \u00cdcones de Portugal"},"content":{"rendered":"<p>COLEC\u00c7\u00c3O \u00cdCONES DE PORTUGAL<\/p>\n<p>Os \u00cdcones de Portugal s\u00e3o imagens representativas da cultura e da identidade nacional. S\u00edmbolos que comunicam hist\u00f3rias, lendas e tradi\u00e7\u00f5es de um povo.<br \/>\nA cole\u00e7\u00e3o \u00cdcones de Portugal \u00e9 um portef\u00f3lio de trabalhos que compreende a reinven\u00e7\u00e3o de s\u00edmbolos tradicionais, representativos da cultura portuguesa, recreados em flores fotografadas por Carlos Capel\u00e3o.<br \/>\nOs \u00cdcones de Portugal s\u00e3o, hoje, uma marca de Portugal no Mundo.<\/p>\n<p>DESCRI\u00c7\u00c3O DO PRODUTO<\/p>\n<p>Caixa e o seu conte\u00fado<\/p>\n<p>CAIXA<\/p>\n<p>Modelo abertura tipo livro com bolsa interior para coloca\u00e7\u00e3o dos postais<br \/>\nFormato 10,8&#215;15,3cm<br \/>\nImpress\u00e3o a cores em cartolina Invercote Mate 350gr.<br \/>\nPlastifica\u00e7\u00e3o Brilho 1 face<\/p>\n<p>6 POSTAIS<\/p>\n<p>Cora\u00e7\u00e3o de Viana \/ Galo de Barcelos \/ Guitarra Portuguesa \/ Sardinha \/ Andorinha<br \/>\nFormato 10,5x15cm<br \/>\nImpress\u00e3o a cores<br \/>\nPlastifica\u00e7\u00e3o Brilho 1 face<br \/>\nCartolina Chromocard 350gr.<\/p>\n<p>BOOKLET<\/p>\n<p>Booklet de 12 P\u00e1ginas com informa\u00e7\u00e3o detalhada sobre a colec\u00e7\u00e3o<br \/>\nFormato 10,5x15cm<br \/>\nImpress\u00e3o a cores + Plastifica\u00e7\u00e3o brilho F\/V<br \/>\nPapel Couch\u00e9 Mate 200gr.<br \/>\nAcabamento \u2013 Agrafado<\/p>\n","protected":false},"excerpt":{"rendered":"<p>Caixa \u00cdcones de Portugal<br \/>\nCondi\u00e7\u00e3o: Novo produto<\/p>\n<p>CAIXA COLEC\u00c7\u00c3O \u00cdCONES DE PORTUGAL<\/p>\n<p>Colec\u00e7\u00e3o \u00cdcones de Portugal &#8211; Inspirada nos \u00cdcones de Portugal e reinventada com fotografias da Colec\u00e7\u00e3o Flores Soltas<\/p>\n<p>CAIXA + 6 POSTAIS (Cora\u00e7\u00e3o de Viana \/ Galo de Barcelos \/ Guitarra Portuguesa \/ Sardinha \/ Andorinha) + BOOKLET de 12 p\u00e1ginas com informa\u00e7\u00e3o detalhada sobre a colec\u00e7\u00e3o<\/p>\n","protected":false},"featured_media":1705,"comment_status":"open","ping_status":"closed","template":"","meta":{"site-sidebar-layout":"default","site-content-layout":"default","ast-site-content-layout":"","site-content-style":"default","site-sidebar-style":"default","ast-global-header-display":"","ast-banner-title-visibility":"","ast-main-header-display":"","ast-hfb-above-header-display":"","ast-hfb-below-header-display":"","ast-hfb-mobile-header-display":"","site-post-title":"","ast-breadcrumbs-content":"","ast-featured-img":"","footer-sml-layout":"","theme-transparent-header-meta":"default","adv-header-id-meta":"","stick-header-meta":"","header-above-stick-meta":"","header-main-stick-meta":"","header-below-stick-meta":"","astra-migrate-meta-layouts":"default","ast-page-background-enabled":"default","ast-page-background-meta":{"desktop":{"background-color":"var(--ast-global-color-4)","background-image":"","background-repeat":"repeat","background-position":"center center","background-size":"auto","background-attachment":"scroll","background-type":"","background-media":"","overlay-type":"","overlay-color":"","overlay-gradient":""},"tablet":{"background-color":"","background-image":"","background-repeat":"repeat","background-position":"center center","background-size":"auto","background-attachment":"scroll","background-type":"","background-media":"","overlay-type":"","overlay-color":"","overlay-gradient":""},"mobile":{"background-color":"","background-image":"","background-repeat":"repeat","background-position":"center center","background-size":"auto","background-attachment":"scroll","background-type":"","background-media":"","overlay-type":"","overlay-color":"","overlay-gradient":""}},"ast-content-background-meta":{"desktop":{"background-color":"var(--ast-global-color-5)","background-image":"","background-repeat":"repeat","background-position":"center center","background-size":"auto","background-attachment":"scroll","background-type":"","background-media":"","overlay-type":"","overlay-color":"","overlay-gradient":""},"tablet":{"background-color":"var(--ast-global-color-5)","background-image":"","background-repeat":"repeat","background-position":"center center","background-size":"auto","background-attachment":"scroll","background-type":"","background-media":"","overlay-type":"","overlay-color":"","overlay-gradient":""},"mobile":{"background-color":"var(--ast-global-color-5)","background-image":"","background-repeat":"repeat","background-position":"center center","background-size":"auto","background-attachment":"scroll","background-type":"","background-media":"","overlay-type":"","overlay-color":"","overlay-gradient":""}}},"product_cat":[34,19],"product_tag":[],"yoast_head":"<!-- This site is optimized with the Yoast SEO plugin v21.9.1 - https:\/\/yoast.com\/wordpress\/plugins\/seo\/ -->\n<title>Caixa \u00cdcones de Portugal - World Flowers Photos<\/title>\n<meta name=\"robots\" content=\"index, follow, max-snippet:-1, max-image-preview:large, max-video-preview:-1\" \/>\n<link rel=\"canonical\" href=\"https:\/\/worldflowersphotos.com\/?product=hoodie-with-logo\" \/>\n<meta property=\"og:locale\" content=\"pt_PT\" \/>\n<meta property=\"og:type\" content=\"article\" \/>\n<meta property=\"og:title\" content=\"Caixa \u00cdcones de Portugal - World Flowers Photos\" \/>\n<meta property=\"og:description\" content=\"Caixa \u00cdcones de Portugal Condi\u00e7\u00e3o: Novo produto  CAIXA COLEC\u00c7\u00c3O \u00cdCONES DE PORTUGAL  Colec\u00e7\u00e3o \u00cdcones de Portugal - Inspirada nos \u00cdcones de Portugal e reinventada com fotografias da Colec\u00e7\u00e3o Flores Soltas  CAIXA + 6 POSTAIS (Cora\u00e7\u00e3o de Viana \/ Galo de Barcelos \/ Guitarra Portuguesa \/ Sardinha \/ Andorinha) + BOOKLET de 12 p\u00e1ginas com informa\u00e7\u00e3o detalhada sobre a colec\u00e7\u00e3o\" \/>\n<meta property=\"og:url\" content=\"https:\/\/worldflowersphotos.com\/?product=hoodie-with-logo\" \/>\n<meta property=\"og:site_name\" content=\"World Flowers Photos\" \/>\n<meta property=\"article:publisher\" content=\"https:\/\/www.facebook.com\/WorldFlowersPhotos\/\" \/>\n<meta property=\"article:modified_time\" content=\"2022-08-09T14:55:53+00:00\" \/>\n<meta property=\"og:image\" content=\"https:\/\/worldflowersphotos.com\/wp-content\/uploads\/2022\/07\/750.jpg\" \/>\n\t<meta property=\"og:image:width\" content=\"900\" \/>\n\t<meta property=\"og:image:height\" content=\"800\" \/>\n\t<meta property=\"og:image:type\" content=\"image\/jpeg\" \/>\n<meta name=\"twitter:card\" content=\"summary_large_image\" \/>\n<meta name=\"twitter:label1\" content=\"Tempo estimado de leitura\" \/>\n\t<meta name=\"twitter:data1\" content=\"1 minuto\" \/>\n<script type=\"application\/ld+json\" class=\"yoast-schema-graph\">{\"@context\":\"https:\/\/schema.org\",\"@graph\":[{\"@type\":\"WebPage\",\"@id\":\"https:\/\/worldflowersphotos.com\/?product=hoodie-with-logo\",\"url\":\"https:\/\/worldflowersphotos.com\/?product=hoodie-with-logo\",\"name\":\"Caixa \u00cdcones de Portugal - World Flowers Photos\",\"isPartOf\":{\"@id\":\"https:\/\/worldflowersphotos.com\/#website\"},\"datePublished\":\"2022-07-22T15:41:09+00:00\",\"dateModified\":\"2022-08-09T14:55:53+00:00\",\"breadcrumb\":{\"@id\":\"https:\/\/worldflowersphotos.com\/?product=hoodie-with-logo#breadcrumb\"},\"inLanguage\":\"pt-PT\",\"potentialAction\":[{\"@type\":\"ReadAction\",\"target\":[\"https:\/\/worldflowersphotos.com\/?product=hoodie-with-logo\"]}]},{\"@type\":\"BreadcrumbList\",\"@id\":\"https:\/\/worldflowersphotos.com\/?product=hoodie-with-logo#breadcrumb\",\"itemListElement\":[{\"@type\":\"ListItem\",\"position\":1,\"name\":\"In\u00edcio\",\"item\":\"https:\/\/worldflowersphotos.com\/\"},{\"@type\":\"ListItem\",\"position\":2,\"name\":\"Loja\",\"item\":\"https:\/\/worldflowersphotos.com\/?page_id=9\"},{\"@type\":\"ListItem\",\"position\":3,\"name\":\"Caixa \u00cdcones de Portugal\"}]},{\"@type\":\"WebSite\",\"@id\":\"https:\/\/worldflowersphotos.com\/#website\",\"url\":\"https:\/\/worldflowersphotos.com\/\",\"name\":\"World Flowers Photos\",\"description\":\"Just another WordPress site\",\"publisher\":{\"@id\":\"https:\/\/worldflowersphotos.com\/#organization\"},\"potentialAction\":[{\"@type\":\"SearchAction\",\"target\":{\"@type\":\"EntryPoint\",\"urlTemplate\":\"https:\/\/worldflowersphotos.com\/?s={search_term_string}\"},\"query-input\":\"required name=search_term_string\"}],\"inLanguage\":\"pt-PT\"},{\"@type\":\"Organization\",\"@id\":\"https:\/\/worldflowersphotos.com\/#organization\",\"name\":\"World Flowers Photos\",\"url\":\"https:\/\/worldflowersphotos.com\/\",\"logo\":{\"@type\":\"ImageObject\",\"inLanguage\":\"pt-PT\",\"@id\":\"https:\/\/worldflowersphotos.com\/#\/schema\/logo\/image\/\",\"url\":\"https:\/\/worldflowersphotos.com\/wp-content\/uploads\/2022\/07\/wfp-logo.jpg\",\"contentUrl\":\"https:\/\/worldflowersphotos.com\/wp-content\/uploads\/2022\/07\/wfp-logo.jpg\",\"width\":369,\"height\":86,\"caption\":\"World Flowers Photos\"},\"image\":{\"@id\":\"https:\/\/worldflowersphotos.com\/#\/schema\/logo\/image\/\"},\"sameAs\":[\"https:\/\/www.facebook.com\/WorldFlowersPhotos\/\"]}]}<\/script>\n<!-- \/ Yoast SEO plugin. -->","yoast_head_json":{"title":"Caixa \u00cdcones de Portugal - World Flowers Photos","robots":{"index":"index","follow":"follow","max-snippet":"max-snippet:-1","max-image-preview":"max-image-preview:large","max-video-preview":"max-video-preview:-1"},"canonical":"https:\/\/worldflowersphotos.com\/?product=hoodie-with-logo","og_locale":"pt_PT","og_type":"article","og_title":"Caixa \u00cdcones de Portugal - World Flowers Photos","og_description":"Caixa \u00cdcones de Portugal Condi\u00e7\u00e3o: Novo produto  CAIXA COLEC\u00c7\u00c3O \u00cdCONES DE PORTUGAL  Colec\u00e7\u00e3o \u00cdcones de Portugal - Inspirada nos \u00cdcones de Portugal e reinventada com fotografias da Colec\u00e7\u00e3o Flores Soltas  CAIXA + 6 POSTAIS (Cora\u00e7\u00e3o de Viana \/ Galo de Barcelos \/ Guitarra Portuguesa \/ Sardinha \/ Andorinha) + BOOKLET de 12 p\u00e1ginas com informa\u00e7\u00e3o detalhada sobre a colec\u00e7\u00e3o","og_url":"https:\/\/worldflowersphotos.com\/?product=hoodie-with-logo","og_site_name":"World Flowers Photos","article_publisher":"https:\/\/www.facebook.com\/WorldFlowersPhotos\/","article_modified_time":"2022-08-09T14:55:53+00:00","og_image":[{"width":900,"height":800,"url":"https:\/\/worldflowersphotos.com\/wp-content\/uploads\/2022\/07\/750.jpg","type":"image\/jpeg"}],"twitter_card":"summary_large_image","twitter_misc":{"Tempo estimado de leitura":"1 minuto"},"schema":{"@context":"https:\/\/schema.org","@graph":[{"@type":"WebPage","@id":"https:\/\/worldflowersphotos.com\/?product=hoodie-with-logo","url":"https:\/\/worldflowersphotos.com\/?product=hoodie-with-logo","name":"Caixa \u00cdcones de Portugal - World Flowers Photos","isPartOf":{"@id":"https:\/\/worldflowersphotos.com\/#website"},"datePublished":"2022-07-22T15:41:09+00:00","dateModified":"2022-08-09T14:55:53+00:00","breadcrumb":{"@id":"https:\/\/worldflowersphotos.com\/?product=hoodie-with-logo#breadcrumb"},"inLanguage":"pt-PT","potentialAction":[{"@type":"ReadAction","target":["https:\/\/worldflowersphotos.com\/?product=hoodie-with-logo"]}]},{"@type":"BreadcrumbList","@id":"https:\/\/worldflowersphotos.com\/?product=hoodie-with-logo#breadcrumb","itemListElement":[{"@type":"ListItem","position":1,"name":"In\u00edcio","item":"https:\/\/worldflowersphotos.com\/"},{"@type":"ListItem","position":2,"name":"Loja","item":"https:\/\/worldflowersphotos.com\/?page_id=9"},{"@type":"ListItem","position":3,"name":"Caixa \u00cdcones de Portugal"}]},{"@type":"WebSite","@id":"https:\/\/worldflowersphotos.com\/#website","url":"https:\/\/worldflowersphotos.com\/","name":"World Flowers Photos","description":"Just another WordPress site","publisher":{"@id":"https:\/\/worldflowersphotos.com\/#organization"},"potentialAction":[{"@type":"SearchAction","target":{"@type":"EntryPoint","urlTemplate":"https:\/\/worldflowersphotos.com\/?s={search_term_string}"},"query-input":"required name=search_term_string"}],"inLanguage":"pt-PT"},{"@type":"Organization","@id":"https:\/\/worldflowersphotos.com\/#organization","name":"World Flowers Photos","url":"https:\/\/worldflowersphotos.com\/","logo":{"@type":"ImageObject","inLanguage":"pt-PT","@id":"https:\/\/worldflowersphotos.com\/#\/schema\/logo\/image\/","url":"https:\/\/worldflowersphotos.com\/wp-content\/uploads\/2022\/07\/wfp-logo.jpg","contentUrl":"https:\/\/worldflowersphotos.com\/wp-content\/uploads\/2022\/07\/wfp-logo.jpg","width":369,"height":86,"caption":"World Flowers Photos"},"image":{"@id":"https:\/\/worldflowersphotos.com\/#\/schema\/logo\/image\/"},"sameAs":["https:\/\/www.facebook.com\/WorldFlowersPhotos\/"]}]}},"jetpack_sharing_enabled":true,"_links":{"self":[{"href":"https:\/\/worldflowersphotos.com\/index.php?rest_route=\/wp\/v2\/product\/15"}],"collection":[{"href":"https:\/\/worldflowersphotos.com\/index.php?rest_route=\/wp\/v2\/product"}],"about":[{"href":"https:\/\/worldflowersphotos.com\/index.php?rest_route=\/wp\/v2\/types\/product"}],"replies":[{"embeddable":true,"href":"https:\/\/worldflowersphotos.com\/index.php?rest_route=%2Fwp%2Fv2%2Fcomments&post=15"}],"version-history":[{"count":1,"href":"https:\/\/worldflowersphotos.com\/index.php?rest_route=\/wp\/v2\/product\/15\/revisions"}],"predecessor-version":[{"id":1518,"href":"https:\/\/worldflowersphotos.com\/index.php?rest_route=\/wp\/v2\/product\/15\/revisions\/1518"}],"wp:featuredmedia":[{"embeddable":true,"href":"https:\/\/worldflowersphotos.com\/index.php?rest_route=\/wp\/v2\/media\/1705"}],"wp:attachment":[{"href":"https:\/\/worldflowersphotos.com\/index.php?rest_route=%2Fwp%2Fv2%2Fmedia&parent=15"}],"wp:term":[{"taxonomy":"product_cat","embeddable":true,"href":"https:\/\/worldflowersphotos.com\/index.php?rest_route=%2Fwp%2Fv2%2Fproduct_cat&post=15"},{"taxonomy":"product_tag","embeddable":true,"href":"https:\/\/worldflowersphotos.com\/index.php?rest_route=%2Fwp%2Fv2%2Fproduct_tag&post=15"}],"curies":[{"name":"wp","href":"https:\/\/api.w.org\/{rel}","templated":true}]}}

Caixa Ícones de Portugal

<p>COLECÇÃO ÍCONES DE PORTUGAL</p>
<p>Os Ícones de Portugal são imagens representativas da cultura e da identidade nacional. Símbolos que comunicam histórias, lendas e tradições de um povo.<br />
A coleção Ícones de Portugal é um portefólio de trabalhos que compreende a reinvenção de símbolos tradicionais, representativos da cultura portuguesa, recreados em flores fotografadas por Carlos Capelão.<br />
Os Ícones de Portugal são, hoje, uma marca de Portugal no Mundo.</p>
<p>DESCRIÇÃO DO PRODUTO</p>
<p>Caixa e o seu conteúdo</p>
<p>CAIXA</p>
<p>Modelo abertura tipo livro com bolsa interior para colocação dos postais<br />
Formato 10,8&#215;15,3cm<br />
Impressão a cores em cartolina Invercote Mate 350gr.<br />
Plastificação Brilho 1 face</p>
<p>6 POSTAIS</p>
<p>Coração de Viana / Galo de Barcelos / Guitarra Portuguesa / Sardinha / Andorinha<br />
Formato 10,5x15cm<br />
Impressão a cores<br />
Plastificação Brilho 1 face<br />
Cartolina Chromocard 350gr.</p>
<p>BOOKLET</p>
<p>Booklet de 12 Páginas com informação detalhada sobre a colecção<br />
Formato 10,5x15cm<br />
Impressão a cores + Plastificação brilho F/V<br />
Papel Couché Mate 200gr.<br />
Acabamento – Agrafado</p>

<p>Caixa Ícones de Portugal<br />
Condição: Novo produto</p>
<p>CAIXA COLECÇÃO ÍCONES DE PORTUGAL</p>
<p>Colecção Ícones de Portugal &#8211; Inspirada nos Ícones de Portugal e reinventada com fotografias da Colecção Flores Soltas</p>
<p>CAIXA + 6 POSTAIS (Coração de Viana / Galo de Barcelos / Guitarra Portuguesa / Sardinha / Andorinha) + BOOKLET de 12 páginas com informação detalhada sobre a colecção</p>

<!-- This site is optimized with the Yoast SEO plugin v21.9.1 - https://yoast.com/wordpress/plugins/seo/ -->
<title>Caixa Ícones de Portugal - World Flowers Photos</title>
<meta name="robots" content="index, follow, max-snippet:-1, max-image-preview:large, max-video-preview:-1" />
<link rel="canonical" href="https://worldflowersphotos.com/?product=hoodie-with-logo" />
<meta property="og:locale" content="pt_PT" />
<meta property="og:type" content="article" />
<meta property="og:title" content="Caixa Ícones de Portugal - World Flowers Photos" />
<meta property="og:description" content="Caixa Ícones de Portugal Condição: Novo produto  CAIXA COLECÇÃO ÍCONES DE PORTUGAL  Colecção Ícones de Portugal - Inspirada nos Ícones de Portugal e reinventada com fotografias da Colecção Flores Soltas  CAIXA + 6 POSTAIS (Coração de Viana / Galo de Barcelos / Guitarra Portuguesa / Sardinha / Andorinha) + BOOKLET de 12 páginas com informação detalhada sobre a colecção" />
<meta property="og:url" content="https://worldflowersphotos.com/?product=hoodie-with-logo" />
<meta property="og:site_name" content="World Flowers Photos" />
<meta property="article:publisher" content="https://www.facebook.com/WorldFlowersPhotos/" />
<meta property="article:modified_time" content="2022-08-09T14:55:53+00:00" />
<meta property="og:image" content="https://worldflowersphotos.com/wp-content/uploads/2022/07/750.jpg" />
	<meta property="og:image:width" content="900" />
	<meta property="og:image:height" content="800" />
	<meta property="og:image:type" content="image/jpeg" />
<meta name="twitter:card" content="summary_large_image" />
<meta name="twitter:label1" content="Tempo estimado de leitura" />
	<meta name="twitter:data1" content="1 minuto" />
<script type="application/ld+json" class="yoast-schema-graph">{"@context":"https://schema.org","@graph":[{"@type":"WebPage","@id":"https://worldflowersphotos.com/?product=hoodie-with-logo","url":"https://worldflowersphotos.com/?product=hoodie-with-logo","name":"Caixa Ícones de Portugal - World Flowers Photos","isPartOf":{"@id":"https://worldflowersphotos.com/#website"},"datePublished":"2022-07-22T15:41:09+00:00","dateModified":"2022-08-09T14:55:53+00:00","breadcrumb":{"@id":"https://worldflowersphotos.com/?product=hoodie-with-logo#breadcrumb"},"inLanguage":"pt-PT","potentialAction":[{"@type":"ReadAction","target":["https://worldflowersphotos.com/?product=hoodie-with-logo"]}]},{"@type":"BreadcrumbList","@id":"https://worldflowersphotos.com/?product=hoodie-with-logo#breadcrumb","itemListElement":[{"@type":"ListItem","position":1,"name":"Início","item":"https://worldflowersphotos.com/"},{"@type":"ListItem","position":2,"name":"Loja","item":"https://worldflowersphotos.com/?page_id=9"},{"@type":"ListItem","position":3,"name":"Caixa Ícones de Portugal"}]},{"@type":"WebSite","@id":"https://worldflowersphotos.com/#website","url":"https://worldflowersphotos.com/","name":"World Flowers Photos","description":"Just another WordPress site","publisher":{"@id":"https://worldflowersphotos.com/#organization"},"potentialAction":[{"@type":"SearchAction","target":{"@type":"EntryPoint","urlTemplate":"https://worldflowersphotos.com/?s={search_term_string}"},"query-input":"required name=search_term_string"}],"inLanguage":"pt-PT"},{"@type":"Organization","@id":"https://worldflowersphotos.com/#organization","name":"World Flowers Photos","url":"https://worldflowersphotos.com/","logo":{"@type":"ImageObject","inLanguage":"pt-PT","@id":"https://worldflowersphotos.com/#/schema/logo/image/","url":"https://worldflowersphotos.com/wp-content/uploads/2022/07/wfp-logo.jpg","contentUrl":"https://worldflowersphotos.com/wp-content/uploads/2022/07/wfp-logo.jpg","width":369,"height":86,"caption":"World Flowers Photos"},"image":{"@id":"https://worldflowersphotos.com/#/schema/logo/image/"},"sameAs":["https://www.facebook.com/WorldFlowersPhotos/"]}]}</script>
<!-- / Yoast SEO plugin. -->

Caixa Ícones de Portugal - World Flowers Photos

Caixa Ícones de Portugal Condição: Novo produto  CAIXA COLECÇÃO ÍCONES DE PORTUGAL  Colecção Ícones de Portugal - Inspirada nos Ícones de Portugal e reinventada com fotografias da Colecção Flores Soltas  CAIXA + 6 POSTAIS (Coração de Viana / Galo de Barcelos / Guitarra Portuguesa / Sardinha / Andorinha) + BOOKLET de 12 páginas com informação detalhada sobre a colecção

Início
