{"id":1253,"date":"2022-07-27T16:39:57","date_gmt":"2022-07-27T16:39:57","guid":{"rendered":"https:\/\/worldflowersphotos.com\/?page_id=1253"},"modified":"2022-07-28T09:08:44","modified_gmt":"2022-07-28T09:08:44","slug":"pagamento-seguro","status":"publish","type":"page","link":"https:\/\/worldflowersphotos.com\/?page_id=1253","title":{"rendered":"Pagamento Seguro"},"content":{"rendered":"\t\t<div data-elementor-type=\"wp-page\" data-elementor-id=\"1253\" class=\"elementor elementor-1253\" data-elementor-post-type=\"page\">\n\t\t\t\t\t\t\t\t\t<section class=\"elementor-section elementor-top-section elementor-element elementor-element-6a12c937 elementor-section-boxed elementor-section-height-default elementor-section-height-default\" data-id=\"6a12c937\" data-element_type=\"section\">\n\t\t\t\t\t\t<div class=\"elementor-container elementor-column-gap-default\">\n\t\t\t\t\t<div class=\"elementor-column elementor-col-100 elementor-top-column elementor-element elementor-element-60145a64\" data-id=\"60145a64\" data-element_type=\"column\">\n\t\t\t<div class=\"elementor-widget-wrap elementor-element-populated\">\n\t\t\t\t\t\t\t\t<div class=\"elementor-element elementor-element-60d810de elementor-widget elementor-widget-text-editor\" data-id=\"60d810de\" data-element_type=\"widget\" data-widget_type=\"text-editor.default\">\n\t\t\t\t<div class=\"elementor-widget-container\">\n\t\t\t\t\t\t\t<!-- wp:paragraph -->\n<p>Disponibilizamos os seguintes m\u00e9todos de pagamento: Visa, Mastercard, Paypal e tranfer\u00eancia banc\u00e1ria . Poder\u00e1 encontrar informa\u00e7\u00f5es sobre o Paypal&nbsp;<a href=\"https:\/\/worldflowersphotos.com\/pt\/content\/Pagamentos%20Seguros%20%20Disponibilizamos%20os%20seguintes%20m%C3%A9todos%20de%20pagamento%3A%20Visa,%20Mastercard,%20Paypal%20e%20tranfer%C3%AAncia%20banc%C3%A1ria%20.%20Poder%C3%A1%20encontrar%20informa%C3%A7%C3%B5es%20sobre%20o%20Paypal%20aqui.%20%20%C3%89%20seguro%20comprar%20online%20em%20WorldFlowersPhotos.com?%20%20Sim.%20Podemos%20assegurar%20que%20comprar%C3%A1%20com%20total%20tranquilidade,%20pois%20dedicamos%20um%20grande%20esfor%C3%A7o%20%C3%A0%20implementa%C3%A7%C3%A3o%20dos%20recursos%20necess%C3%A1rios%20para%20garantir%20a%20seguran%C3%A7a%20das%20tuas%20compras%20e%20dos%20teus%20dados.%20%20Para%20melhorar%20a%20seguran%C3%A7a%20da%20transac%C3%A7%C3%A3o,%20o%20pagamento%20ser%C3%A1%20sempre%20feito%20no%20site%20da%20entidades%20credenciadas,%20como%20%C3%A9%20a%20paypal.\" target=\"_blank\" rel=\"noreferrer noopener\">aqui<\/a>.<\/p>\n<!-- \/wp:paragraph -->\n\n<!-- wp:paragraph -->\n<p>\u00c9 seguro comprar online em WorldFlowersPhotos.com?<\/p>\n<!-- \/wp:paragraph -->\n\n<!-- wp:paragraph -->\n<p>Sim. Podemos assegurar que comprar\u00e1 com total tranquilidade, pois dedicamos um grande esfor\u00e7o \u00e0 implementa\u00e7\u00e3o dos recursos necess\u00e1rios para garantir a seguran\u00e7a das tuas compras e dos teus dados.<\/p>\n<!-- \/wp:paragraph -->\n\n<!-- wp:paragraph -->\n<p>Para melhorar a seguran\u00e7a da transa\u00e7\u00e3o, o pagamento ser\u00e1 sempre feito no site da entidades credenciadas, como \u00e9 a paypal.<\/p>\n<!-- \/wp:paragraph -->\t\t\t\t\t\t<\/div>\n\t\t\t\t<\/div>\n\t\t\t\t\t<\/div>\n\t\t<\/div>\n\t\t\t\t\t\t\t<\/div>\n\t\t<\/section>\n\t\t\t\t\t\t\t<\/div>\n\t\t","protected":false},"excerpt":{"rendered":"<p>Disponibilizamos os seguintes m\u00e9todos de pagamento: Visa, Mastercard, Paypal e tranfer\u00eancia banc\u00e1ria . Poder\u00e1 encontrar informa\u00e7\u00f5es sobre o Paypal&nbsp;aqui. \u00c9 seguro comprar online em WorldFlowersPhotos.com? Sim. Podemos assegurar que comprar\u00e1 com total tranquilidade, pois dedicamos um grande esfor\u00e7o \u00e0 implementa\u00e7\u00e3o dos recursos necess\u00e1rios para garantir a seguran\u00e7a das tuas compras e dos teus dados. Para [&hellip;]<\/p>\n","protected":false},"author":1,"featured_media":0,"parent":0,"menu_order":0,"comment_status":"closed","ping_status":"closed","template":"","meta":{"site-sidebar-layout":"default","site-content-layout":"","ast-site-content-layout":"","site-content-style":"default","site-sidebar-style":"default","ast-global-header-display":"","ast-banner-title-visibility":"","ast-main-header-display":"","ast-hfb-above-header-display":"","ast-hfb-below-header-display":"","ast-hfb-mobile-header-display":"","site-post-title":"","ast-breadcrumbs-content":"","ast-featured-img":"","footer-sml-layout":"","theme-transparent-header-meta":"","adv-header-id-meta":"","stick-header-meta":"","header-above-stick-meta":"","header-main-stick-meta":"","header-below-stick-meta":"","astra-migrate-meta-layouts":"default","ast-page-background-enabled":"default","ast-page-background-meta":{"desktop":{"background-color":"var(--ast-global-color-4)","background-image":"","background-repeat":"repeat","background-position":"center center","background-size":"auto","background-attachment":"scroll","background-type":"","background-media":"","overlay-type":"","overlay-color":"","overlay-gradient":""},"tablet":{"background-color":"","background-image":"","background-repeat":"repeat","background-position":"center center","background-size":"auto","background-attachment":"scroll","background-type":"","background-media":"","overlay-type":"","overlay-color":"","overlay-gradient":""},"mobile":{"background-color":"","background-image":"","background-repeat":"repeat","background-position":"center center","background-size":"auto","background-attachment":"scroll","background-type":"","background-media":"","overlay-type":"","overlay-color":"","overlay-gradient":""}},"ast-content-background-meta":{"desktop":{"background-color":"var(--ast-global-color-5)","background-image":"","background-repeat":"repeat","background-position":"center center","background-size":"auto","background-attachment":"scroll","background-type":"","background-media":"","overlay-type":"","overlay-color":"","overlay-gradient":""},"tablet":{"background-color":"var(--ast-global-color-5)","background-image":"","background-repeat":"repeat","background-position":"center center","background-size":"auto","background-attachment":"scroll","background-type":"","background-media":"","overlay-type":"","overlay-color":"","overlay-gradient":""},"mobile":{"background-color":"var(--ast-global-color-5)","background-image":"","background-repeat":"repeat","background-position":"center center","background-size":"auto","background-attachment":"scroll","background-type":"","background-media":"","overlay-type":"","overlay-color":"","overlay-gradient":""}},"footnotes":""},"yoast_head":"<!-- This site is optimized with the Yoast SEO plugin v21.9.1 - https:\/\/yoast.com\/wordpress\/plugins\/seo\/ -->\n<title>Pagamento Seguro - World Flowers Photos<\/title>\n<meta name=\"robots\" content=\"noindex, follow\" \/>\n<meta property=\"og:locale\" content=\"pt_PT\" \/>\n<meta property=\"og:type\" content=\"article\" \/>\n<meta property=\"og:title\" content=\"Pagamento Seguro - World Flowers Photos\" \/>\n<meta property=\"og:description\" content=\"Disponibilizamos os seguintes m\u00e9todos de pagamento: Visa, Mastercard, Paypal e tranfer\u00eancia banc\u00e1ria . Poder\u00e1 encontrar informa\u00e7\u00f5es sobre o Paypal&nbsp;aqui. \u00c9 seguro comprar online em WorldFlowersPhotos.com? Sim. Podemos assegurar que comprar\u00e1 com total tranquilidade, pois dedicamos um grande esfor\u00e7o \u00e0 implementa\u00e7\u00e3o dos recursos necess\u00e1rios para garantir a seguran\u00e7a das tuas compras e dos teus dados. Para [&hellip;]\" \/>\n<meta property=\"og:url\" content=\"https:\/\/worldflowersphotos.com\/?page_id=1253\" \/>\n<meta property=\"og:site_name\" content=\"World Flowers Photos\" \/>\n<meta property=\"article:publisher\" content=\"https:\/\/www.facebook.com\/WorldFlowersPhotos\/\" \/>\n<meta property=\"article:modified_time\" content=\"2022-07-28T09:08:44+00:00\" \/>\n<meta name=\"twitter:card\" content=\"summary_large_image\" \/>\n<meta name=\"twitter:label1\" content=\"Tempo estimado de leitura\" \/>\n\t<meta name=\"twitter:data1\" content=\"1 minuto\" \/>\n<script type=\"application\/ld+json\" class=\"yoast-schema-graph\">{\"@context\":\"https:\/\/schema.org\",\"@graph\":[{\"@type\":\"WebPage\",\"@id\":\"https:\/\/worldflowersphotos.com\/?page_id=1253\",\"url\":\"https:\/\/worldflowersphotos.com\/?page_id=1253\",\"name\":\"Pagamento Seguro - World Flowers Photos\",\"isPartOf\":{\"@id\":\"https:\/\/worldflowersphotos.com\/#website\"},\"datePublished\":\"2022-07-27T16:39:57+00:00\",\"dateModified\":\"2022-07-28T09:08:44+00:00\",\"breadcrumb\":{\"@id\":\"https:\/\/worldflowersphotos.com\/?page_id=1253#breadcrumb\"},\"inLanguage\":\"pt-PT\",\"potentialAction\":[{\"@type\":\"ReadAction\",\"target\":[\"https:\/\/worldflowersphotos.com\/?page_id=1253\"]}]},{\"@type\":\"BreadcrumbList\",\"@id\":\"https:\/\/worldflowersphotos.com\/?page_id=1253#breadcrumb\",\"itemListElement\":[{\"@type\":\"ListItem\",\"position\":1,\"name\":\"In\u00edcio\",\"item\":\"https:\/\/worldflowersphotos.com\/\"},{\"@type\":\"ListItem\",\"position\":2,\"name\":\"Pagamento Seguro\"}]},{\"@type\":\"WebSite\",\"@id\":\"https:\/\/worldflowersphotos.com\/#website\",\"url\":\"https:\/\/worldflowersphotos.com\/\",\"name\":\"World Flowers Photos\",\"description\":\"Just another WordPress site\",\"publisher\":{\"@id\":\"https:\/\/worldflowersphotos.com\/#organization\"},\"potentialAction\":[{\"@type\":\"SearchAction\",\"target\":{\"@type\":\"EntryPoint\",\"urlTemplate\":\"https:\/\/worldflowersphotos.com\/?s={search_term_string}\"},\"query-input\":\"required name=search_term_string\"}],\"inLanguage\":\"pt-PT\"},{\"@type\":\"Organization\",\"@id\":\"https:\/\/worldflowersphotos.com\/#organization\",\"name\":\"World Flowers Photos\",\"url\":\"https:\/\/worldflowersphotos.com\/\",\"logo\":{\"@type\":\"ImageObject\",\"inLanguage\":\"pt-PT\",\"@id\":\"https:\/\/worldflowersphotos.com\/#\/schema\/logo\/image\/\",\"url\":\"https:\/\/worldflowersphotos.com\/wp-content\/uploads\/2022\/07\/wfp-logo.jpg\",\"contentUrl\":\"https:\/\/worldflowersphotos.com\/wp-content\/uploads\/2022\/07\/wfp-logo.jpg\",\"width\":369,\"height\":86,\"caption\":\"World Flowers Photos\"},\"image\":{\"@id\":\"https:\/\/worldflowersphotos.com\/#\/schema\/logo\/image\/\"},\"sameAs\":[\"https:\/\/www.facebook.com\/WorldFlowersPhotos\/\"]}]}<\/script>\n<!-- \/ Yoast SEO plugin. -->","yoast_head_json":{"title":"Pagamento Seguro - World Flowers Photos","robots":{"index":"noindex","follow":"follow"},"og_locale":"pt_PT","og_type":"article","og_title":"Pagamento Seguro - World Flowers Photos","og_description":"Disponibilizamos os seguintes m\u00e9todos de pagamento: Visa, Mastercard, Paypal e tranfer\u00eancia banc\u00e1ria . Poder\u00e1 encontrar informa\u00e7\u00f5es sobre o Paypal&nbsp;aqui. \u00c9 seguro comprar online em WorldFlowersPhotos.com? Sim. Podemos assegurar que comprar\u00e1 com total tranquilidade, pois dedicamos um grande esfor\u00e7o \u00e0 implementa\u00e7\u00e3o dos recursos necess\u00e1rios para garantir a seguran\u00e7a das tuas compras e dos teus dados. Para [&hellip;]","og_url":"https:\/\/worldflowersphotos.com\/?page_id=1253","og_site_name":"World Flowers Photos","article_publisher":"https:\/\/www.facebook.com\/WorldFlowersPhotos\/","article_modified_time":"2022-07-28T09:08:44+00:00","twitter_card":"summary_large_image","twitter_misc":{"Tempo estimado de leitura":"1 minuto"},"schema":{"@context":"https:\/\/schema.org","@graph":[{"@type":"WebPage","@id":"https:\/\/worldflowersphotos.com\/?page_id=1253","url":"https:\/\/worldflowersphotos.com\/?page_id=1253","name":"Pagamento Seguro - World Flowers Photos","isPartOf":{"@id":"https:\/\/worldflowersphotos.com\/#website"},"datePublished":"2022-07-27T16:39:57+00:00","dateModified":"2022-07-28T09:08:44+00:00","breadcrumb":{"@id":"https:\/\/worldflowersphotos.com\/?page_id=1253#breadcrumb"},"inLanguage":"pt-PT","potentialAction":[{"@type":"ReadAction","target":["https:\/\/worldflowersphotos.com\/?page_id=1253"]}]},{"@type":"BreadcrumbList","@id":"https:\/\/worldflowersphotos.com\/?page_id=1253#breadcrumb","itemListElement":[{"@type":"ListItem","position":1,"name":"In\u00edcio","item":"https:\/\/worldflowersphotos.com\/"},{"@type":"ListItem","position":2,"name":"Pagamento Seguro"}]},{"@type":"WebSite","@id":"https:\/\/worldflowersphotos.com\/#website","url":"https:\/\/worldflowersphotos.com\/","name":"World Flowers Photos","description":"Just another WordPress site","publisher":{"@id":"https:\/\/worldflowersphotos.com\/#organization"},"potentialAction":[{"@type":"SearchAction","target":{"@type":"EntryPoint","urlTemplate":"https:\/\/worldflowersphotos.com\/?s={search_term_string}"},"query-input":"required name=search_term_string"}],"inLanguage":"pt-PT"},{"@type":"Organization","@id":"https:\/\/worldflowersphotos.com\/#organization","name":"World Flowers Photos","url":"https:\/\/worldflowersphotos.com\/","logo":{"@type":"ImageObject","inLanguage":"pt-PT","@id":"https:\/\/worldflowersphotos.com\/#\/schema\/logo\/image\/","url":"https:\/\/worldflowersphotos.com\/wp-content\/uploads\/2022\/07\/wfp-logo.jpg","contentUrl":"https:\/\/worldflowersphotos.com\/wp-content\/uploads\/2022\/07\/wfp-logo.jpg","width":369,"height":86,"caption":"World Flowers Photos"},"image":{"@id":"https:\/\/worldflowersphotos.com\/#\/schema\/logo\/image\/"},"sameAs":["https:\/\/www.facebook.com\/WorldFlowersPhotos\/"]}]}},"jetpack_sharing_enabled":true,"_links":{"self":[{"href":"https:\/\/worldflowersphotos.com\/index.php?rest_route=\/wp\/v2\/pages\/1253"}],"collection":[{"href":"https:\/\/worldflowersphotos.com\/index.php?rest_route=\/wp\/v2\/pages"}],"about":[{"href":"https:\/\/worldflowersphotos.com\/index.php?rest_route=\/wp\/v2\/types\/page"}],"author":[{"embeddable":true,"href":"https:\/\/worldflowersphotos.com\/index.php?rest_route=\/wp\/v2\/users\/1"}],"replies":[{"embeddable":true,"href":"https:\/\/worldflowersphotos.com\/index.php?rest_route=%2Fwp%2Fv2%2Fcomments&post=1253"}],"version-history":[{"count":1,"href":"https:\/\/worldflowersphotos.com\/index.php?rest_route=\/wp\/v2\/pages\/1253\/revisions"}],"predecessor-version":[{"id":1397,"href":"https:\/\/worldflowersphotos.com\/index.php?rest_route=\/wp\/v2\/pages\/1253\/revisions\/1397"}],"wp:attachment":[{"href":"https:\/\/worldflowersphotos.com\/index.php?rest_route=%2Fwp%2Fv2%2Fmedia&parent=1253"}],"curies":[{"name":"wp","href":"https:\/\/api.w.org\/{rel}","templated":true}]}}